= -21 - x. What is the units digit of o?
4
Let d(k) = 3*k**2 - 4*k + 4. Let t be d(1). Suppose 4*o - 45 = 3*o - 3*q, q - 111 = -t*o. What is the units digit of o?
6
Let z(g) = 6*g - 18. Suppose -3*n - n = 8. Let q be z(n). Let c = q + 110. What is the units digit of c?
0
Let t = 2215 - -9462. What is the tens digit of t?
7
Let k(i) = 74*i**2 - 6*i - 2. Let t be k(-6). Suppose 6*o - 866 = t. Suppose 7*l - o = l. What is the units digit of l?
9
Suppose 319 = 9*b - 4*b + 2*i, -b = -5*i - 53. Suppose 4*m + 15 = b. What is the tens digit of (m/(-8) + 0)*56/(-3)?
2
Suppose -32*i - 57*i + 21452 + 785867 = 0. What is the hundreds digit of i?
0
Let f = 14655 - 2395. What is the thousands digit of f?
2
What is the hundreds digit of 5/(-75)*-5 - 12008/(-57)?
2
Suppose 8*t = 3*t + 5*x + 4045, -t + 4*x + 797 = 0. Suppose 2*s - 5*k - t = 0, -2*s + 3*k = -0*s - 807. Let a = s - 163. What is the hundreds digit of a?
2
Let h(s) = -2247*s - 177. What is the tens digit of h(-3)?
6
Let g be ((-6)/18)/(-2*2/12). Let n be (-95)/(-15) - (g/3)/1. Let o(s) = 45*s + 15. What is the hundreds digit of o(n)?
2
Let d = -143448 - -208568. What is the hundreds digit of d?
1
Let k(f) = f**3 + 2*f**2 - f + 3. Let z be k(2). Suppose -12*u + z*u - 115 = 0. What is the units digit of u?
3
Let h(a) = 15*a**3 + 7*a**2 + 37*a + 18. What is the ten thousands digit of h(9)?
1
Let j(r) = -47*r**2 + 4*r - 12. Let y be j(2). What is the units digit of (288/y)/((0 - 2)/604)?
3
Let p = -1068 + 1525. What is the tens digit of p?
5
What is the units digit of (22/22)/(-3*1/(-1149))?
3
Suppose -5*q = 2*u - 27631, -4*u + 53178 = -2*q - 2144. What is the units digit of u?
8
Let c(x) be the third derivative of -x**4/24 + 9*x**3/2 - 28*x**2. Let l(d) = 1. Let o(y) = c(y) - l(y). What is the units digit of o(8)?
8
Suppose -12*d - d = -1248. Let m = d - -9. What is the hundreds digit of 1/((-8)/20 - (-43)/m)?
1
Let i(x) = 2139*x - 93. What is the hundreds digit of i(4)?
4
Let c(s) = 2*s - 4. Let l be c(5). Let a = 12590 - 12056. Suppose l*q - 384 = a. What is the units digit of q?
3
Let s(y) = -9*y**2 - 4*y + 1. Let t be s(1). What is the units digit of (-224)/(-8)*(-3)/t?
7
Let f(l) = -l**2 - 18*l + 3. Let w be f(-18). Suppose 5*u = 2*v + 41, -w*v - 26 = -v - 2*u. Let t = 22 + v. What is the units digit of t?
4
What is the hundreds digit of (-4528836)/(-324) + 1/9?
9
Let r(j) = -4*j**3 - 7*j**2 + 18*j - 13. Let w be r(-8). Suppose -2*f - w = -3*x - f, 0 = -5*x - 3*f + 2391. What is the units digit of x?
0
Let x = -1085 - -21701. What is the thousands digit of x?
0
Let y be 4 + (0 - -154) + 1. Suppose -y = -2*u - u. Suppose -u = -3*j + 16. What is the tens digit of j?
2
Let i = 46 + -18. Let o be (1 - 6/4)*i/(-1). What is the tens digit of 142/7 + (-4)/o?
2
Suppose -6*a = 8*a - 50628 - 8648. What is the hundreds digit of a?
2
Let u = -17969 - 20839. What is the thousands digit of (6/12)/((-12)/u)?
1
Suppose -h = 2*r - 2, 2*r + 3 = 1. Suppose 4*v = h*c, -2*v = 4*c - 3*c. Suppose -5*s - w + 588 = v, 4*s = s + 3*w + 360. What is the units digit of s?
8
Let r(h) be the first derivative of -25*h**2/2 - 79*h + 49. What is the hundreds digit of r(-21)?
4
Let s be (3/2)/((-21)/(-28)). Let x be 318/s + 1 + 4 + -1. Let j = 17 + x. What is the hundreds digit of j?
1
Let v be (8 + 4)*1/2. What is the units digit of ((513/v)/9)/((-1)/(-2))?
9
Let b(d) = -10*d**3 + 45*d**2 + 291*d + 30. What is the hundreds digit of b(-8)?
7
Suppose 728 = 2*x - 3*p, -2*x + 7*x - 8*p - 1821 = 0. What is the hundreds digit of x?
3
Let a(v) be the second derivative of 47*v**4/4 + 2*v**3/3 + 3*v**2/2 + 72*v. What is the tens digit of a(-1)?
4
Let q be -1 - (0 + (-16)/4). Suppose -10*l = -q*l - 49. Suppose l*s = -2*s + 1287. What is the hundreds digit of s?
1
Let q = -89 + 99. Let m be ((-5)/10)/(-1)*q. Suppose 5*r - 279 = 2*r - m*d, -5*d = -2*r + 186. What is the units digit of r?
3
Let h be (-562)/(-6) - 34/51. Let u = h - 62. Suppose -255 = -2*b + u. What is the units digit of b?
3
Let x(s) = 5*s**2 - 45*s + 15. Let c be x(10). What is the units digit of c/(-390) + 5257/6?
6
Let m(q) = -11*q + 65. Let u be m(6). Suppose -4 - 6 = 5*s. What is the tens digit of 76/(u/(s/(4/4)))?
5
Suppose -5*i - 7719 = -h, 30*h - 27*h - i = 23241. What is the thousands digit of h?
7
Let b = 157 + -148. Suppose b*m = 2*m + 2618. What is the units digit of m?
4
Let u(l) = 10562*l**2 - 47*l - 81. What is the thousands digit of u(-2)?
2
Suppose -5*u - 2*c = -9*u + 9056, 0 = -u - 5*c + 2242. Suppose -12*p = -8298 + u. What is the tens digit of p?
0
What is the thousands digit of 48377 - ((-1440)/900)/(4/30)?
8
Suppose -4*m + 39696 + 24596 = 4*a, 4*a - 48220 = -3*m. What is the ten thousands digit of m?
1
Let h = 1897 + -645. What is the units digit of h?
2
What is the thousands digit of (34/9)/((-53)/(-368721))?
6
Suppose -2*u = -4*x + 42, -2*u + 0*u + 2*x - 34 = 0. Let l(d) be the first derivative of -d**4/4 - 4*d**3 + d**2/2 - 18*d - 31. What is the units digit of l(u)?
8
Let b(f) = f**2 - f - 29. Let r be b(8). Let x = -25 + 0. Let y = r + x. What is the units digit of y?
2
Let h(y) = 55 - 5*y - 4*y + 6*y. Let m be h(16). What is the tens digit of m - 148/20 - (-844)/10?
8
Let c = -1691 - -2711. What is the thousands digit of c?
1
Let i = -9 + 40. Suppose -i*o = -17253 - 27573. What is the hundreds digit of o?
4
Let q = 149503 + -104288. What is the hundreds digit of q?
2
Let m be -589 + 36/(-8 + 14). Let p = -180 - m. What is the tens digit of p?
0
Suppose -3*k + 8 = -4*m + 25, -22 = -4*m - 2*k. Suppose -p - m*l = -150 - 176, 2*p - 5*l = 577. What is the units digit of p?
1
Let x(y) = -36*y**3 + 12*y**2 + 94*y + 659. What is the tens digit of x(-9)?
2
Let q(x) be the first derivative of 23*x**2/2 - 243*x - 180. What is the hundreds digit of q(28)?
4
Suppose -86 - 10274 = -20*w. Suppose 5*j + 3*x = 2638, 0*j + w = j + 3*x. What is the tens digit of j?
3
Let u(c) = 19*c**2 + 98*c + 1865. What is the ten thousands digit of u(-44)?
3
Let m(y) be the third derivative of 61*y**4/12 - 71*y**3/6 - 3*y**2 + 39*y. What is the units digit of m(9)?
7
Suppose 3*r - 2223 - 165 = 0. What is the tens digit of (-1)/(-5) + r*77/140?
3
Let u be (-19)/1*1*(-1 - 6). Suppose 3*k = u + 53. What is the tens digit of k?
6
Let o(j) = 6*j - 8. Let q be o(5). Let y = 14 - q. What is the units digit of 22/1*(-4)/y?
1
Let u = 4269 - 3860. What is the tens digit of u?
0
Let x(h) = 234*h - 22. Let y = -179 + 181. What is the units digit of x(y)?
6
What is the ten thousands digit of 327284/(51/3) + (-20)/(-2)?
1
Let m = -24336 + 28273. What is the units digit of m?
7
Let t(d) = -d**3 - 12*d**2 - 9*d + 24. Suppose -3*c + 2*c = 11. Let n be t(c). Suppose -5*m + 0*h + 235 = n*h, m = h + 40. What is the tens digit of m?
4
Suppose 129*n + 68908 = 143*n. What is the units digit of n?
2
What is the units digit of 72/(-32) + (-2)/(-8) - 2137503/(-79)?
5
Let x(z) = z**3 + 17*z**2 + 10*z + 11. Let a = -356 + 349. What is the tens digit of x(a)?
3
Let n be (-2 + 25/10)/((-1)/4). Let r be (n + -4)*-3*2/(-12). What is the tens digit of -2 - (r/(-15) - 824/20)?
3
Let c = 32180 + -22104. What is the thousands digit of c?
0
Suppose -40 = -4*d - 28. Suppose -5*r = d*r - 56. Let z(k) = 3*k**2 + 2*k + 14. What is the units digit of z(r)?
5
Let z(i) = -i**2 - 75*i - 1076. What is the hundreds digit of z(-37)?
3
Suppose -h = 5*p + 5 - 17, 4*p - 8 = 0. What is the units digit of h + (2225/5 - 2)?
5
What is the tens digit of (55545/(-2))/(-5)*20/30?
0
Let d(p) be the third derivative of 19*p**5/30 - p**4/8 + p**3/3 + 2*p**2 - 31*p. What is the units digit of d(5)?
7
Let h = -12118 + 36633. What is the units digit of h?
5
Let s(v) = 21*v**3 + 20*v - 13. Let o be s(5). Suppose 0 = -2*u + o - 536. What is the units digit of u?
8
Let k be (-14382)/(-19) - 50/(-950). Suppose 4*n + 1518 = 2*t, k = t - 10*n + 6*n. What is the units digit of t?
1
Suppose 0 = -5*q + 159 + 386. Let s = q - -83. What is the hundreds digit of s?
1
Let l = 214992 + -140881. What is the tens digit of l?
1
Suppose 35*h = -9*h + 88. Suppose 3*q - h*n = 4*q - 625, -n = -5*q + 3169. What is the units digit of q?
3
Suppose -1861*w + 93616 = -1845*w. What is the units digit of w?
1
Let u(g) = -2*g**2 - 1. Suppose 0*a - 4*n = -a - 7, -a -